 divided by 57.
55
Let t be (-14)/((-448)/144) + 2/(-4). Suppose 562 = 4*w - 2*p, t*p - 6*p + 574 = 4*w. What is the remainder when w is divided by 4?
2
Let w = -159 - -153. Calculate the remainder when 316 is divided by 80/(-6 - (w + -1)).
76
Suppose -280 - 26 = -17*n. Let s(r) = -28*r - 4. Let f be s(-5). Suppose -3*h + f = -h. What is the remainder when h is divided by n?
14
Suppose w - 2*w = -46. Suppose -9*d + 54 = -4*d + 2*z, -4*z - 12 = 0. What is the remainder when w is divided by d?
10
Let y be ((-40)/10)/4 + -1 + -66. Let p = 89 + y. Calculate the remainder when p is divided by 16.
5
Calculate the remainder when 6*64 - (5 + 20 + -25) is divided by 49.
41
Suppose -1195 = 208*d - 213*d. Let q = 349 - d. What is the remainder when q is divided by 34?
8
Suppose -56*y - 25*y + 227286 = 0. Calculate the remainder when y is divided by 37.
31
Let p(t) = -t**3 + 11*t**2 - 9*t - 1. Let k be p(10). Suppose -k*w - 29 = -263. What is the remainder when w is divided by 14?
12
Suppose 0 = -10*d + 14*d - p - 702, 330 = 2*d - 4*p. What is the remainder when 478 is divided by d?
124
Suppose 5*t - 325 = 5*f, -277*f - 1 = -278*f. Calculate the remainder when 6730 is divided by t.
64
Let o = 12 - 7. Suppose 4*t + 5 = z - 6, 0 = o*t + 5. Let w(n) = 398*n + 3203. What is the remainder when w(-8) is divided by z?
5
Let g be (((-64)/6)/4)/((-4)/18). Suppose -j = -g*j + 132. Let l = 5 - -17. What is the remainder when l is divided by j?
10
Suppose 2*g = 7*g - 20. Suppose g*r = -r + 10. Suppose -2*n + a = -34, -2*n + 5*n + r*a - 44 = 0. What is the remainder when 63 is divided by n?
15
Suppose -5*r + 53 = -37. Suppose 1136 = 8*f - 0*f. Suppose 0 = -12*u + 10*u + f. What is the remainder when u is divided by r?
17
Suppose -9*b = -14*b. Suppose -2*x - 7*x = b. Suppose x = -3*h + 33 + 30. Calculate the remainder when h is divided by 8.
5
Let f = -1077 + 1756. Calculate the remainder when f is divided by 138.
127
Let z be ((-150)/(-6)*2)/(-1). Let y = 43 - 2. Calculate the remainder when y is divided by (-240)/(-17) - z/(-425).
13
Suppose -2*z + 7 = -5. Suppose 0*m = 2*m - 5*i - 47, 4*m - 4*i = 112. What is the remainder when m is divided by 20/z*48/20?
7
Let a = 89 - 85. Suppose 3*f - 44 = -u + 77, -4*f + a*u + 140 = 0. Let o = 96 - f. What is the remainder when 111 is divided by o?
54
Suppose -2556 = -4*m + 4*g, 5*m - 4*g + 1611 - 4804 = 0. Calculate the remainder when m is divided by 108.
97
Suppose 0 = 7*g - 10*g - 657. Let a = g + 248. Calculate the remainder when a is divided by 7.
1
Suppose 3*t + 49 = 52. Let q = 59 - t. Suppose q = h - 50. Calculate the remainder when h is divided by 22.
20
Suppose y - 7 = 4*i, 5*y - 41 = 3*i + 79. Let f = -92 - -227. Let g = f - 84. Calculate the remainder when g is divided by y.
24
Let f(p) = 6*p - 170. Let l be f(29). Suppose 35 - 463 = -l*v. Calculate the remainder when v is divided by 27.
26
Suppose 445 - 1322 = -10*y + 323. Suppose -23 = -m - 0. What is the remainder when y is divided by m?
5
What is the remainder when 303/3*((-312)/13 + 31) is divided by 174?
11
Suppose -443 = -33*f - 1928. Let r = f + 52. Calculate the remainder when 61 is divided by r.
5
Suppose -74*w - 6950 = -99*w. Calculate the remainder when w is divided by 35.
33
Let k be (-7070)/15*-12 + -4. Suppose -41*o + k = -5*o. Calculate the remainder when o is divided by 16.
13
Calculate the remainder when 117/(-13) + 7 + 2029 is divided by 35.
32
Calculate the remainder when 908 is divided by (-2889)/(-243) + 34 + 1/9.
34
Suppose 0 = -34*u + 29*u - 2*y + 76, -2*u + 5*y = -13. Calculate the remainder when 2/5 + 408/5 is divided by u.
12
Let j = -3926 + 2204. Calculate the remainder when 142 is divided by j/(-72) + (-7)/(-84).
22
Let w(u) = -6*u + 56. Suppose 0 = 32*z + 74 + 182. Calculate the remainder when w(z) is divided by 27.
23
Let l = 139625 + -139579. Calculate the remainder when l is divided by (-94)/(-8) + (-1)/(-4).
10
Suppose -9380*b = -9522*b + 2982. What is the remainder when 6319 is divided by b?
19
Suppose -4*v + 3*i = -1186, -v + 183 = -2*i - 106. What is the remainder when v is divided by 59?
6
Suppose 2*o - 2*k - 418 = 326, 0 = -4*o - 7*k + 1543. Calculate the remainder when o is divided by 66.
47
Let x(z) = z**3 - 19*z**2 - 22*z + 50. Let m be x(20). What is the remainder when ((-1794)/115)/((-12)/m - -1) is divided by 32?
14
Let n be (-1984)/480 + 2/15. What is the remainder when 80 is divided by ((-6)/n)/(9/246)?
39
Suppose 20 = -q + 5*q. Let j be 3 - 1 - 12*(-18)/72. Suppose 10*t - 122 = 7*t - j*s, -2*t - s = -93. What is the remainder when t is divided by q?
4
Let q(z) = -2*z - 237. Let s be q(41). Let m = s - -325. What is the remainder when 56 is divided by m?
2
Let d = -111 + 146. Let p be ((-9)/(-4))/((-3)/(-24)). Calculate the remainder when (1 - 200/(-2)) + (19 - p) is divided by d.
32
Suppose 3*i = -9, -q - i - 339 = -4*q. What is the remainder when 139 is divided by q?
27
What is the remainder when 2011 is divided by (-35)/105 - (-138)/9?
1
Suppose 0 = 5*u + 3*j - 472, -549*u = -553*u - 4*j + 360. Suppose -2*p - 68 = -4*p. What is the remainder when u is divided by p?
33
Suppose 3*y = 2*o + 117, -58*y + 78 = -56*y - 5*o. Calculate the remainder when 419 is divided by y.
29
Let x(r) = -4*r**3 - 33*r**2 + 64*r - 7. Suppose -4*q + 5*f = -2*q - 30, -4*q = -3*f - 74. Calculate the remainder when x(-10) is divided by q.
13
Let j(q) = q**3 - 4*q**2 + 3*q - 4. Let i be j(3). Calculate the remainder when (0 - 54/i)*22 is divided by 76.
69
Let p(z) = -7 + 3*z - 6*z - 3*z. Let l be p(-2). Suppose -l*s - 10 = -7*s. What is the remainder when s is divided by 4?
1
Suppose -7 + 89 = 2*a. Let d = 137 - a. Calculate the remainder when d is divided by 33.
30
Suppose 0 = 32*f - 30*f - 8, -4*f = -3*s + 2210. Calculate the remainder when s is divided by 191.
169
Suppose 168*o - 163*o = -3*u + 910, 159 = o - 4*u. Suppose 15*k - 6*k - 423 = 0. Calculate the remainder when o is divided by k.
38
Let u = -353 + 586. Let p = -113 + u. Calculate the remainder when p is divided by 62.
58
Let j = 60 - 4. Calculate the remainder when (70 + -28 + -40)/((6/(-405))/(12/(-9))) is divided by j.
12
Suppose 35 = 3*d - 2*t - 8, 2*t = -4*d + 76. What is the remainder when 823 is divided by d?
7
Let d be 99/132*8/(-1). Let v be 3*(d - 4 - 6/(-9)). Let s = 42 + v. Calculate the remainder when s is divided by 6.
2
What is the remainder when 1503 is divided by 16/(-160) - 521/(-10)?
47
Suppose 1332 = 14*u + 632. Calculate the remainder when 214 is divided by u.
14
Let n(q) = -q**2 + 6*q - 6. Let w be n(4). Suppose -w*s - 14 = -u, -u + 8*s + 12 = 4*s. Calculate the remainder when 57 is divided by u.
9
Calculate the remainder when ((-377)/26 + 14 - (3 - 5))*26 is divided by (1 - (0 - 3))/1.
3
Suppose -7*h - 4 = 4*l, -2*l - 10*h + 8*h = -10. Calculate the remainder when 7444 is divided by l.
8
Suppose -4*j = -3*i + 245, 4*j + 55 = -i + 158. Suppose -i = -0*a - 3*a. Calculate the remainder when 46 is divided by a.
17
What is the remainder when 822/2 - 2592/(-324) is divided by 110?
89
Suppose -3*s - 4*h = -1415, -2*h = 106*s - 111*s + 2367. What is the remainder when s is divided by 68?
65
Suppose -1861 = -4*w + 3*c + 2*c, -4*c + 2357 = 5*w. Let u = w + -289. Calculate the remainder when u is divided by 46.
42
Suppose 0 = -k - 2*k - 420. What is the remainder when (6/4)/((-14)/k) - 0 is divided by 3?
0
Let p(y) = y**2 - 20*y + 200. What is the remainder when p(39) is divided by 237?
230
Let p(q) = 67*q**2 + 19*q + 85. What is the remainder when p(-3) is divided by 86?
29
Let i = -10 - 21. Suppose y + 3 = 3*o + 42, -y + 54 = 2*o. Let n = i + y. Calculate the remainder when n is divided by 4.
1
Let o = 34 - -41. Suppose 4*w = -16*n + 11*n + o, 2*w = 10. What is the remainder when 64 is divided by n?
9
Suppose 0 = -47*n - 83*n + 15*n + 108215. What is the remainder when n is divided by 27?
23
Let t = -4 - -9. Suppose -t*y - 69 = -194. Calculate the remainder when y is divided by ((-10)/(-4))/((-4950)/(-13860)).
4
Let d(f) = -21*f - 313. Calculate the remainder when 129 is divided by d(-16).
14
Suppose -190*c + 2337 = -22*c - 1863. What is the remainder when 597 is divided by c?
22
Let m(k) = 3*k**2 - 12*k + 13. Suppose r - 630 = -5*r. Suppose 0 = -2*g + 9*g - r. Cal